(z) = -z**2 - z + 9. Give b(6).
-33
Let w(k) = -2*k**2 + 11*k + 2. Determine w(6).
-4
Let z(l) = l**3 + l**2. What is z(-1)?
0
Let u(t) = t**3 - 2*t**2 - 6*t - 10. Give u(0).
-10
Let r(d) = d**3 - 4*d**2 - 8*d + 3. What is r(4)?
-29
Let b(a) = -9*a + 82. Determine b(7).
19
Let t(p) = 6*p. Give t(-3).
-18
Let u(i) = i**2 - 21*i - 31. What is u(24)?
41
Let j(i) = 6*i - 111. What is j(19)?
3
Let f(i) = i**3 + 23*i**2 - 25*i - 13. Calculate f(-24).
11
Let c(x) = x**3 - 9*x**2 - x + 8. Determine c(9).
-1
Let l(o) = o**2 + 6*o. What is l(-5)?
-5
Let x(a) = -a**3 - 14*a**2 - 14*a - 8. What is x(-13)?
5
Let h(a) = -2*a + 1. Give h(-15).
31
Let w(h) = -2*h**2 - 3*h - 8. Give w(-2).
-10
Let r(z) = -3*z - 36. Calculate r(-6).
-18
Let h(p) = -p**3 + 4*p**2 + 5*p + 4. Calculate h(5).
4
Let f(l) = 7*l - 37. Give f(6).
5
Let o(y) = -y**3 + 5*y**2 + 7*y - 6. Determine o(5).
29
Let k(a) = -a**2 + 10*a - 8. Calculate k(8).
8
Let d(v) = v**3 - 2*v**2 - 3*v + 3. What is d(-2)?
-7
Let y(j) = -12*j**3 - 3*j**2 - j. What is y(-1)?
10
Let a(w) = -w**3 + 33*w**2 - 94*w - 7. Determine a(30).
-127
Let g(u) = 4*u**2 - 42*u + 86. Determine g(8).
6
Let n(o) = -25*o**2 + 4*o + 3. What is n(-1)?
-26
Let a(i) = 2*i - 11. What is a(0)?
-11
Let r(p) = p - 17. Give r(-7).
-24
Let x(v) = v**3 + 6*v**2 - 3*v + 34. Determine x(-7).
6
Let f(m) = 2*m**2 - 4*m + 9. Give f(5).
39
Let j(u) = -3*u - 8. Give j(-5).
7
Let z(y) = -y**2 - 4*y - 9. What is z(8)?
-105
Let s(d) = 4*d - 147. Calculate s(37).
1
Let l(y) = 2*y**2 + 15*y + 31. Calculate l(-8).
39
Let p(l) = l**3 + 4*l**2 + 7*l + 2. Calculate p(-4).
-26
Let g(d) = 2*d**2 - 3*d - 2. Determine g(-1).
3
Let x(a) = -189*a - 181. What is x(-1)?
8
Let h(a) = a**3 + 9*a**2 - 13*a + 13. What is h(-10)?
43
Let j(g) = 6*g - 81. Calculate j(13).
-3
Let d(s) = 2*s**2 + 9. Determine d(0).
9
Let n(b) = -2*b**2 + 13*b - 10. What is n(5)?
5
Let d(h) = -6*h**2 + 13*h + 22. Calculate d(-2).
-28
Let g(k) = 9*k. What is g(-4)?
-36
Let n(u) = 9*u**2 + 69*u + 44. What is n(-7)?
2
Let n(j) = j**3 - 3*j**2 - 2*j. What is n(4)?
8
Let g(z) = z**3 + 27*z**2 + 5. Give g(-27).
5
Let g(p) = 3*p**2 + 21*p - 9. Calculate g(-7).
-9
Let c(i) = -5*i + 4. Calculate c(8).
-36
Let b(u) = -u**3 + 12*u**2 - 16*u + 7. Give b(11).
-48
Let k(z) = z**2 - 8*z - 5. Give k(7).
-12
Let s(l) = -2*l**3 + 48*l**2 - 3*l + 87. Determine s(24).
15
Let l(d) = -5*d + 1. Determine l(4).
-19
Let k(q) = 3*q**3 - q**2 + 2*q - 4. Give k(2).
20
Let x(l) = 6*l**3 - 9*l + 8. Determine x(1).
5
Let s(l) = -l - 2. Determine s(-8).
6
Let w(i) = i**3 - 26*i**2 + 87*i - 7. Determine w(22).
-29
Let h(k) = -8*k - 56. Give h(-7).
0
Let c(r) = r**3 + 9*r**2 + 3*r + 1. What is c(-8)?
41
Let j(g) = -6*g**2 + 2*g + 2. Determine j(-2).
-26
Let j(i) = i**2 + 2*i - 2. Determine j(3).
13
Let d(b) = -2*b**3 + 7*b**2 - 3*b - 9. Give d(3).
-9
Let l(t) = -t**2 - 14*t - 18. What is l(-14)?
-18
Let f(l) = l**3 - 5*l**2 + 3*l - 1. Give f(3).
-10
Let i(g) = -g**3 + 5*g**2 - 3*g + 8. Determine i(5).
-7
Let j(v) = v + 13. Calculate j(-5).
8
Let a(y) = -y**3 - 4*y + 5. Determine a(0).
5
Let h(r) = r**2 + 16*r + 48. Give h(-3).
9
Let a(c) = -c**3 + 64*c**2 - 61*c - 130. Give a(63).
-4
Let o(t) = t**3 + 8*t**2 - 10*t - 5. Determine o(-9).
4
Let f(u) = 16*u - 12. What is f(-4)?
-76
Let b(l) = -l**3 + 8*l**2 - 10*l + 16. Determine b(7).
-5
Let v(o) = -2*o + 26. Calculate v(7).
12
Let n(f) = -4*f + 30. Calculate n(9).
-6
Let i(f) = -2*f**2 - 3*f + 19. Give i(-4).
-1
Let t(r) = -67*r**2 - 2*r - 1. Give t(-1).
-66
Let t(q) = 7*q - 42. Give t(6).
0
Let g(p) = -4*p - 12. Calculate g(2).
-20
Let w(p) = -5*p + 102. Determine w(21).
-3
Let d(b) = -2*b**3 - 5*b**2 + 3*b - 1. Determine d(-4).
35
Let s(f) = f**3 - 7*f**2 - 7*f + 1. Give s(7).
-48
Let t(d) = -d**3 + 33*d**2 + 35*d - 22. Determine t(34).
12
Let n(s) = 2*s**2 + 10*s + 3. Determine n(-8).
51
Let c(n) = 2*n**3 - 22*n**2 + 3*n - 26. Determine c(11).
7
Let z(g) = -g**2 + 13*g + 16. Give z(15).
-14
Let u(y) = -y**2 - 13*y - 30. Determine u(-7).
12
Let n(a) = a**3 - 15*a**2 - 13*a - 7. Calculate n(16).
41
Let s(p) = -p**2 + 15*p + 59. Give s(18).
5
Let b(g) = 2*g**2 + 4*g - 3. What is b(1)?
3
Let g(y) = -y - 4. Determine g(19).
-23
Let j(c) = c**2 + 22*c + 121. Calculate j(-11).
0
Let w(d) = -d**3 + 4*d**2 + 11*d + 25. Give w(6).
19
Let r(f) = -12*f + 3. Calculate r(4).
-45
Let a(b) = b**3 - 6*b**2 + 2*b + 6. What is a(6)?
18
Let w(p) = p**2 - 26*p + 113. What is w(22)?
25
Let i(o) = 10*o - 196. Determine i(19).
-6
Let r(b) = 2*b**3 - 60*b**2 + 2*b - 42. Determine r(30).
18
Let l(r) = -r. What is l(-3)?
3
Let w(l) = -2*l**2 + 9*l + 1. Give w(4).
5
Let y(g) = g + 2. Calculate y(3).
5
Let i(u) = 2*u - 5. Give i(-4).
-13
Let b(p) = p**3 + 12*p**2 + 24*p - 12. Give b(-9).
15
Let r(n) = 23*n + 59. Determine r(-3).
-10
Let p(j) = -27*j - 36. Give p(-5).
99
Let j(h) = h**3 + 6*h**2 - 24*h + 46. Determine j(-9).
19
Let g(r) = 18*r + 4. What is g(2)?
40
Let q(m) = -2*m**3 + 71*m**2 - 38*m + 113. What is q(35)?
8
Let g(n) = -5*n**3 - n**2 + n. Calculate g(2).
-42
Let y(b) = 2*b**2 - 17*b - 2. Calculate y(9).
7
Let r(a) = -9*a - 352. What is r(-39)?
-1
Let a(f) = f**3 - 12*f**2 + 9*f - 14. What is a(12)?
94
Let q(j) = 122*j + 604. Calculate q(-5).
-6
Let p(q) = 5*q**2 + 18*q - 15. Determine p(-5).
20
Let h(o) = 2*o**2 + o + 4. Give h(4).
40
Let d(n) = -16*n - 2. What is d(-3)?
46
Let k(c) = 6*c**2 + 8*c - 6. Calculate k(1).
8
Let i(a) = a**2 - 10*a + 23. Calculate i(4).
-1
Let o(v) = v**3 - 10*v**2 + 8*v - 6. Determine o(7).
-97
Let q(x) = x**2 + 15*x - 7. Calculate q(-14).
-21
Let z(j) = 7*j**2 - 24*j + 43. What is z(2)?
23
Let a(k) = -k**3 + 2*k**2 + 7*k + 1. Calculate a(5).
-39
Let s(r) = r**3 - 7*r**2 + 11*r - 1. Determine s(4).
-5
Let q(n) = 6*n + 2. Calculate q(5).
32
Let b(o) = -2*o**2 - 13*o + 15. What is b(-8)?
-9
Let f(m) = m**2 - 6*m + 11. Calculate f(5).
6
Let m(s) = 3*s**2 + 30*s - 31. Determine m(1).
2
Let i(x) = -2*x**2 - 24*x - 73. Give i(-8).
-9
Let d(r) = 2*r**2 - 52*r - 36. Give d(26).
-36
Let w(v) = v**3 + 29*v**2 + 27*v - 21. Calculate w(-28).
7
Let k(q) = q + 14. Calculate k(9).
23
Let i(z) = -z**3 + 6*z**2 - 4*z - 3. Determine i(4).
13
Let b(h) = h - 25. What is b(26)?
1
Let f(j) = j**2 - 14*j + 37. Give f(10).
-3
Let y(f) = f**2 - 8*f - 60. Determine y(-5).
5
Let n(c) = 4*c**3 - c**2 - c + 1. Calculate n(-2).
-33
Let j(s) = -s**2 - s + 30. Give j(6).
-12
Let s(x) = 2*x - 34. Determine s(15).
-4
Let y(t) = t**2 - 8*t + 27. Calculate y(6).
15
Let w(h) = 12*h - 5. Give w(4).
43
Let f(r) = r**3 - 6*r**2 + 5*r + 6. Give f(5).
6
Let q(c) = -3*c - 15. Determine q(-4).
-3
Let n(j) = -j**3 + 6*j**2 + 11*j - 15. Give n(6).
51
Let x(c) = -c**2 + c - 6. Determine x(2).
-8
Let k(f) = 3*f + 8. Give k(-7).
-13
Let x(b) = -b**3 - 5*b**2 - 4*b - 27. What is x(-5)?
-7
Let b(y) = -8*y - 6. What is b(-2)?
10
Let i(g) = 6*g**2 + 23*g + 24. Calculate i(-1).
7
Let p(m) = 10*m - 1. Determine p(6).
59
Let r(g) = g**3 + 3*g**2 + g - 9. Determine r(-3).
-12
Let a(n) = -38*n**3 + 2*n + 1. Calculate a(-1).
37
Let b(d) = -21*d**2 + 3*d + 2. Calculate b(-1).
-22
Let g(b) = -b**2 - 8*b + 8. Give g(-7).
15
Let o(b) = -2*b + 11. Give o(9).
-7
Let b(n) = -n**2 + 9. Calculate b(3).
0
Let a(o) = -o**3 + 3*o**2 + 3. Give a(-3).
57
Let l(i) = i**3 - 2*i**2 + 3*i - 2. Give l(3).
16
Let a(q) = q**2 + 18*q + 91. Calculate a(-10).
11
Let b(c) = -c**3 + 35*c**2 - 66*c + 5. Give b(33).
5
Let p(s) = 4*s - 7. Determine p(3).
5
Let o(j) = -6*j - 17. Determine o(11).
-83
Let l(z) = -z**3 - 9*z**2 - 15*z - 54. What is l(-8)?
2
Let g(w) = 5*w + 2. Determine g(-5).
-23
Let o(z) = z**3 + 6*z**2 + 6*z + 4. Determine o(-4).
12
Let v(p) = -67*p - 1141. Give v(-17).
-2
Let u(b) = -7*b**2 - 2*b - 1. Determine u(-1).
-6
Let v(p) = p**3 + 8*p**2 + 8*p + 6. Determine v(-6).
30
Let d(m) = -m**3 + 8*m**2 + 2*m - 14. Determine d(6).
70
Let s(l) = l**3 - 4*l**2 - 5*l + 3. Determine s(5).
3
Let m(l) = 2*l**2 + 72*l + 207. What is m(-3)?
9
Let f(l) = l**2 - 9*l - 5. What is f(9)?
-5
Let k(h) = -14*h - 4. What is k(-1)?
10
Let q(d) = -16*d**2 + 1. Calculate q(-1).
-15
Let w(r) = -r**3 + 8*r**2 + 17*r + 13. Give w(10).
-17
Let p(c) = c**3 - 5*c**2 - 3*c - 10. Give p(5).
-25
Let f(b) = -16*b - 17. Determine f(-2).
15
Let w(p) = p*